 hundreds digit of 1898?
8
What is the thousands digit of 59553?
9
What is the units digit of 195977?
7
What is the thousands digit of 87036?
7
What is the hundreds digit of 408?
4
What is the tens digit of 986?
8
What is the hundreds digit of 911?
9
What is the units digit of 4341?
1
What is the hundreds digit of 3406?
4
What is the tens digit of 33?
3
What is the tens digit of 718?
1
What is the ten thousands digit of 10245?
1
What is the tens digit of 596?
9
What is the units digit of 4264?
4
What is the hundreds digit of 15017?
0
What is the tens digit of 37077?
7
What is the thousands digit of 6084?
6
What is the ten thousands digit of 13863?
1
What is the tens digit of 853?
5
What is the thousands digit of 3410?
3
What is the tens digit of 25722?
2
What is the units digit of 64999?
9
What is the units digit of 5160?
0
What is the tens digit of 494?
9
What is the ten thousands digit of 53702?
5
What is the ten thousands digit of 15041?
1
What is the units digit of 6111?
1
What is the units digit of 40081?
1
What is the units digit of 3280?
0
What is the tens digit of 1637?
3
What is the units digit of 41015?
5
What is the ten thousands digit of 80167?
8
What is the units digit of 4143?
3
What is the thousands digit of 1395?
1
What is the thousands digit of 1005?
1
What is the hundreds digit of 7559?
5
What is the thousands digit of 7871?
7
What is the units digit of 41989?
9
What is the tens digit of 1407?
0
What is the tens digit of 18705?
0
What is the tens digit of 19926?
2
What is the tens digit of 54853?
5
What is the tens digit of 5943?
4
What is the thousands digit of 23694?
3
What is the hundreds digit of 13278?
2
What is the units digit of 7612?
2
What is the hundreds digit of 26784?
7
What is the hundreds digit of 9016?
0
What is the thousands digit of 9075?
9
What is the hundreds digit of 2539?
5
What is the tens digit of 10887?
8
What is the hundreds digit of 11460?
4
What is the hundreds digit of 18954?
9
What is the units digit of 78?
8
What is the ten thousands digit of 46791?
4
What is the hundreds digit of 891?
8
What is the thousands digit of 87340?
7
What is the units digit of 18328?
8
What is the thousands digit of 129654?
9
What is the units digit of 1169?
9
What is the hundreds digit of 45536?
5
What is the units digit of 10028?
8
What is the tens digit of 71634?
3
What is the units digit of 5562?
2
What is the units digit of 51?
1
What is the ten thousands digit of 66282?
6
What is the units digit of 1288?
8
What is the hundred thousands digit of 108450?
1
What is the hundreds digit of 834?
8
What is the tens digit of 4944?
4
What is the tens digit of 1217?
1
What is the tens digit of 3723?
2
What is the units digit of 3486?
6
What is the thousands digit of 14118?
4
What is the tens digit of 3361?
6
What is the tens digit of 95062?
6
What is the units digit of 2541?
1
What is the hundreds digit of 872?
8
What is the units digit of 11432?
2
What is the thousands digit of 3691?
3
What is the units digit of 11561?
1
What is the tens digit of 6821?
2
What is the thousands digit of 2379?
2
What is the tens digit of 3650?
5
What is the hundreds digit of 54950?
9
What is the units digit of 1189?
9
What is the ten thousands digit of 52682?
5
What is the units digit of 38756?
6
What is the units digit of 27327?
7
What is the tens digit of 850?
5
What is the hundreds digit of 45796?
7
What is the tens digit of 44257?
5
What is the units digit of 5253?
3
What is the thousands digit of 4175?
4
What is the units digit of 3553?
3
What is the tens digit of 634?
3
What is the ten thousands digit of 18832?
1
What is the tens digit of 2286?
8
What is the tens digit of 8249?
4
What is the thousands digit of 1744?
1
What is the units digit of 60434?
4
What is the hundreds digit of 65216?
2
What is the thousands digit of 1749?
1
What is the ten thousands digit of 56775?
5
What is the hundreds digit of 12273?
2
What is the units digit of 59675?
5
What is the thousands digit of 3378?
3
What is the units digit of 509?
9
What is the units digit of 12786?
6
What is the hundreds digit of 13687?
6
What is the thousands digit of 1523?
1
What is the units digit of 6187?
7
What is the units digit of 5637?
7
What is the tens digit of 433?
3
What is the units digit of 759?
9
What is the hundreds digit of 1734?
7
What is the ten thousands digit of 11349?
1
What is the thousands digit of 8379?
8
What is the units digit of 103600?
0
What is the units digit of 16024?
4
What is the tens digit of 14730?
3
What is the thousands digit of 32596?
2
What is the hundreds digit of 53590?
5
What is the tens digit of 1756?
5
What is the tens digit of 32?
3
What is the thousands digit of 47555?
7
What is the hundreds digit of 927?
9
What is the tens digit of 650?
5
What is the thousands digit of 1707?
1
What is the ten thousands digit of 16439?
1
What is the tens digit of 38516?
1
What is the units digit of 79190?
0
What is the hundreds digit of 12065?
0
What is the thousands digit of 3992?
3
What is the hundreds digit of 38918?
9
What is the tens digit of 7413?
1
What is the hundreds digit of 881?
8
What is the tens digit of 149?
4
What is the ten thousands digit of 52106?
5
What is the hundreds digit of 4153?
1
What is the tens digit of 38919?
1
What is the tens digit of 5269?
6
What is the ten thousands digit of 16682?
1
What is the units digit of 36164?
4
What is the tens digit of 32482?
8
What is the ten thousands digit of 11411?
1
What is the thousands digit of 6375?
6
What is the thousands digit of 16491?
6
What is the units digit of 9?
9
What is the tens digit of 12204?
0
What is the thousands digit of 8056?
8
What is the units digit of 4754?
4
What is the tens digit of 668?
6
What is the tens digit of 26285?
8
What is the units digit of 170381?
1
What is the units digit of 5365?
5
What is the units digit of 55326?
6
What is the hundreds digit of 5518?
5
What is the thousands digit of 4910?
4
What is the hundreds digit of 820?
8
What is the units digit of 313?
3
What is the units digit of 1208?
8
What is the hundreds digit of 908?
9
What is the hundreds digit of 2107?
1
What is the hundreds digit of 4049?
0
What is the tens digit of 1340?
4
What is the tens digit of 229?
2
What is the hundreds digit of 4542?
5
What is the units digit of 6063?
3
What is the units digit of 4465?
5
What is the thousands digit of 23152?
3
What is the thousands digit of 2584?
2
What is the units digit of 15728?
8
What is the units digit of 675?
5
What is the hundreds digit of 9806?
8
What is the units digit of 353?
3
What is the hundreds digit of 61174?
1
What is the tens digit of 763?
6
What is the tens digit of 64622?
2
What is the hundreds digit of 741?
7
What is the tens digit of 18832?
3
What is the hundreds digit of 618?
6
What is the units digit of 55326?
6
What is the thousands digit of 9229?
9
What is the hundreds digit of 21112?
1
What is the tens digit of 3857?
5
What is the units digit of 898?
8
What is the units digit of 87?
7
What is the hundreds digit of 1653?
6
What is the hundreds digit of 8476?
4
What is the ten thousands digit of 66794?
6
What is the units digit of 1265?
5
What is the ten thousands digit of 118219?
1
What is the tens digit of 1747?
4
What is the hundreds digit of 998?
9
What is the units digit of 6285?
5
What is the units digit of 34036?
6
What is the hundreds digit of 5452?
4
What is the thousands digit of 8031?
8
What is the units digit of 4801?
1
What is the ten thousands digit of 24602?
2
What is the tens digit of 826?
2
What is the units digit of 1992?
2
What is the tens digit of 2345?
4
What is the thousands digit of 3522?
3
What is the units digit of 56?
6
What is the tens digit of 628?
2
What is the hundreds digit of 501?
5
What is the tens digit of 16594?
9
What is the units digit of 11573?
3
What is the hundreds digit of 4791?
7
What is the units digit of 8469?
9
What is the hundreds digit of 1268?
2
What is the units digit of 60522?
2
What is the hundreds digit of 156586?
5
What is the units digit of 648?
8
What is the thousands digit of 1158?
1
What is the tens digit of 11579?
7
What is the units digit of 145184?
4
What is the tens digit of 1353?
5
What is the tens digit of 2963?
6
What is the thousands digit of 5690?
5
What 